 - 8, -5*y = 6*h + 56 + 20. Let p be w(h). What is the greatest common factor of p and 16?
16
Let c = 4568 - 4567. Calculate the highest common divisor of 12 and c.
1
Let l be 498 + -1 + -4 + 4. Let i be (-2)/9 - l/(-9). What is the greatest common factor of 11 and i?
11
Let w = -675 - -1045. What is the greatest common factor of w and 814?
74
Let y(h) = h + 35. Let d be y(0). Let r = -1098 - -1026. Let v be (r + 107)*1/(1/3). What is the greatest common divisor of d and v?
35
Let q be (10/(-7))/(300/(-1680)). What is the highest common divisor of 82 and q?
2
Let v(w) = -416*w**3 - 51*w**2 - 110*w - 27. Let a be v(-2). Calculate the greatest common factor of 93 and a.
31
Let w be (-14 - -13)*(-18 + 1)*43. What is the highest common divisor of w and 119?
17
Let z(m) = -m**2 + 12*m - 22. Let p be z(8). Suppose 0 = -2*l + k + 321, -9*l + 12*l - 481 = k. What is the greatest common divisor of l and p?
10
Let y = -217 - -14. Let i(t) = 2*t**3 + 11*t**2 - 16*t + 24. Let h be i(5). Let b = y + h. What is the highest common factor of b and 38?
38
Suppose 3*p - 5*a = -3003 + 3112, -4*p - 2*a + 24 = 0. Let t(s) = -s**3 + s**2 + s + 325. Let h be t(0). Calculate the highest common factor of h and p.
13
Let j = 22 - 15. Suppose 3*r + j = 142. Suppose -227*l + 6516 = 93*l + 42*l. Calculate the highest common divisor of l and r.
9
Let q be 7/(84/30)*-4. Let h be 27*((-1920)/18)/q. Calculate the greatest common divisor of 18 and h.
18
Let x = 961 - 786. Calculate the highest common factor of 315 and x.
35
Let u be ((-11)/20 - 2/8)/(110/(-17875)). What is the highest common factor of u and 6890?
130
Let l = -3255 - -3295. What is the highest common factor of l and 340?
20
Let a be 21/2*16/3. Suppose z = -14 + a. What is the highest common divisor of 210 and z?
42
Let j(s) = -4*s**2 - 27*s + 72. Let k be j(3). Let o be (k/(-2))/(144/384). Calculate the greatest common divisor of o and 36.
12
Suppose 3*z - 73 + 16 = 0. Suppose -102*b + 97*b = -190. What is the highest common divisor of b and z?
19
Let j(q) = -q**3 + 11*q**2 - 14*q. Let o be j(10). Let p = 68 + o. Suppose 7 = 2*m + m + w, 2*w + 2 = -2*m. Calculate the greatest common factor of m and p.
4
Let q(d) = -6298*d + 816. Let x be q(-2). Calculate the greatest common factor of 28 and x.
28
Suppose 0 = -2*k + 84 + 28. Let u(n) = 2*n**2 - 8*n + 2. Let r be u(4). Suppose -r*p + 7 = -7. What is the greatest common factor of k and p?
7
Let x = 21616 - 5223. What is the greatest common divisor of 169 and x?
169
Suppose 76 = 5*u - 3*l, 4*u - 26 = -2*l + 48. Suppose -245 = u*m - 24*m. Calculate the highest common factor of m and 40.
5
Let t be ((8323/(-58))/41)/((-1)/92). What is the highest common factor of t and 56?
14
Let j = -17902 - -18863. What is the highest common divisor of j and 341?
31
Let m(l) = 1834*l**2 + 9*l + 19. Let w be m(2). What is the greatest common factor of 101 and w?
101
Let b be (-3)/(-3) + 4*26. Suppose 0 = -4*w + 4*m + 339 + 593, w - 227 = -2*m. Let l = -210 + w. What is the highest common divisor of b and l?
21
Suppose 28*q - 129 = 27*q. Let n = -62 + q. Let o = n + -46. What is the greatest common factor of o and 105?
21
Suppose 38*b = 54*b - 3584. Calculate the greatest common divisor of 1232 and b.
112
Let u = 66 + -84. Let b be 32 + (48/27 - 4/u). Suppose -92 = -2*y - b. Calculate the greatest common divisor of y and 203.
29
Let m(i) = -46*i - 1956. Let r be m(-43). What is the greatest common divisor of r and 4741?
11
Let q be 7/3 + 4/6. Let w = q + 159. Suppose 44*h = 13*h + 558. What is the highest common divisor of w and h?
18
Suppose -32*a + 8650 + 15638 = 0. Calculate the greatest common factor of a and 345.
69
Let y(j) = 46*j + 3. Let b be y(-5). Let f = 235 + b. What is the highest common factor of 8 and f?
8
Suppose -6*z = -z - 2740. Let h = z - 356. Suppose 14280 + 6296 = 643*b. Calculate the highest common divisor of h and b.
32
Let a(h) = -h**3 - 29*h**2 - 7*h - 13. Let b be a(-29). Calculate the highest common divisor of b and 45.
5
Let b = 69 - -9. Let s = 83 - b. Suppose s + 11 = f. What is the greatest common divisor of f and 112?
16
Let p(j) = 250*j**3 + 8*j**2 - 13*j + 4. Let c be p(1). Calculate the highest common divisor of 15 and c.
3
Let a be -1 - 2 - (0 + -3). Suppose a = -3*f - 2*f - 55. Let r be (-13 - -1)/3 - f. Calculate the highest common factor of r and 7.
7
Let h = 193 + -162. Let a = h + -29. Suppose -2*m + 0*m = -20. Calculate the greatest common factor of a and m.
2
Suppose 2*y = 5*y + 3. Let h = 6 + y. Suppose -4*o = -3*a + 14 - 19, -7*o + 14 = 0. Calculate the highest common divisor of h and a.
1
Suppose 4*j + 241 = r, -4*r + 3*j = -0*r - 899. Let i be ((11 - 6) + -6 + -90)*(-6)/21. Calculate the highest common divisor of i and r.
13
Suppose 830 = 3*z - 4*c, 2*c + c - 3 = 0. Let y = 294 - z. Calculate the highest common divisor of y and 88.
8
Suppose 3*a - 20 = -8, 4*s + a = 40. Suppose 4*v - s*v = -y + 365, -356 = -y - 4*v. Calculate the highest common divisor of 30 and y.
30
Let q(f) = -4 - 2*f**2 - 3*f**3 - 3*f**2 + 3*f + 5*f**3 + 0*f**3. Suppose 0 = 59*b - 61*b + 6. Let p be q(b). Calculate the highest common divisor of 70 and p.
14
Let x be 1950/(-100)*2/6*-12. Let p be (20 - -1)*312/72. Calculate the highest common factor of x and p.
13
Suppose -4302 + 342 = -18*q. Suppose -4480 = -4*g + 3*d - q, 3*d = -12. Calculate the greatest common factor of 18 and g.
18
Let w be (-3)/((-27)/(-90) - (-58)/(-180)). Calculate the greatest common divisor of w and 1065.
15
Suppose 34*d - 20 = -360. Let c(a) = a**2 + 4*a - 36. Let p be c(d). What is the greatest common factor of 9 and p?
3
Let l(d) = -5*d**3 - 3*d**2 + 11*d + 22. Let u be l(-6). What is the highest common divisor of u and 112?
16
Suppose -27*c + 3820 = 1147. Let k be (22/6)/(2/(-12)). Let b = -11 - k. Calculate the highest common divisor of b and c.
11
Suppose -2*n - 3*u + 8 = -7, 0 = 3*n + u - 12. Let a be ((-212)/12)/(n/18*2). Let x = a - -57. What is the greatest common divisor of x and 6?
2
Suppose -3*l + m = -40, 32*m - 36*m = -5*l + 69. Calculate the greatest common divisor of l and 481.
13
Let f be 36/3 - 16885/33*-9. Calculate the greatest common factor of f and 19.
19
Let w = -117 + 63. Let f be ((-576)/w)/(2/3). What is the greatest common divisor of 1 and f?
1
Let n(w) = 48*w**2 + 3*w - 21. Let d be n(4). Let o = -4797 + 4935. What is the highest common factor of o and d?
69
Suppose 1542*y = 1551*y - 28449. Calculate the highest common factor of 29 and y.
29
Suppose -20 = 4*b, -5*j - b + 6*b + 880 = 0. Let c be -9*-2*2/4. Calculate the highest common factor of c and j.
9
Let z(h) = 218*h - 199*h + 29*h**2 + 27 - 28*h**2. Let t be z(-21). Calculate the greatest common divisor of 230 and t.
23
Let z = 38016 + -37904. What is the greatest common divisor of 240 and z?
16
Let z(p) = -20*p - 8. Suppose -5*x + 3*k - 32 = 0, 5*x + 2*k + 9 = 4*x. Let g be z(x). What is the greatest common divisor of g and 12?
12
Suppose -863*i = -880*i + 2142. Calculate the greatest common factor of i and 462.
42
Suppose v + 5*g - 32 = 0, -v = -2*v - g + 16. Suppose 3*t + v*t = 2160. Calculate the highest common divisor of t and 36.
36
Let y = -46 + 16. Let h be (100/y)/((-3)/18). What is the greatest common factor of h and 5?
5
Suppose 0 = -9*y + 6*y + 6. Suppose 5*n + 31 = 51. Suppose n*o - 54 = y*o. Calculate the highest common factor of 3 and o.
3
Let u = -306 - -251. Let g = u + 157. What is the highest common divisor of 34 and g?
34
Let b = -4384 + 4790. What is the greatest common divisor of 70 and b?
14
Let c be (4/((-12)/(-75)))/1. Let o(h) = -4 - 18 + 1 + 17*h - h**3 + 7*h - 11*h**2. Let w be o(-13). What is the greatest common factor of c and w?
5
Suppose -3592*s - 2125 = -3595*s - 2*c, -3545 = -5*s - 5*c. Calculate the greatest common factor of s and 101.
101
Let p(c) = -c + 2. Let w be p(-6). Let s(o) = -o**3 - 5*o + 1. Let y be s(4). Let v = y + 103. What is the highest common divisor of v and w?
4
Let q(w) = 3*w**2 + 58*w - 8. Let v be q(-24). Suppose -5*j - 3430 = -5*c, -4*c + 2404 + v = -j. What is the highest common factor of 62 and c?
62
Let j be 51*4/18*-3. Let i be -33 + 40 + (0 - -67). Let l = i + j. Calculate the greatest common divisor of 4 and l.
4
Let x(v) = 90*v - 1431. Le